 = 4*r + 11. Is 5 a factor of ((0 - 5)*1)/b?
True
Let b(f) = -5*f**3 + 3*f**2 - 2. Let q be b(-2). Suppose -5*k = 4*h - 5*h - 7, -21 = -5*h - 3*k. Suppose -6 = -3*p, 2*c = -p - h*p + q. Does 9 divide c?
False
Suppose -2*g + 2*r + 30 = 0, 2*r - 9 + 0 = -g. Suppose u + 2*d - 13 = 0, -u + 0*u + g = d. Does 13 divide u?
True
Suppose 10*m - 2*m - 560 = 0. Is 16 a factor of m?
False
Let u be (-2)/(3 - (-86)/(-30)). Let k be 2/5*u/(-3). Suppose -k*d + d = -9. Is 3 a factor of d?
True
Let m = -31 + 17. Let o = -20 + 11. Let y = o - m. Is y a multiple of 4?
False
Let q(d) = 2*d**2 + 1. Let s be q(-1). Suppose -3*g + 33 + 3 = m, 0 = -s*g. Is 10 a factor of m?
False
Suppose 242 = 4*v - 2. Is v a multiple of 12?
False
Let o(x) = x**3 + 9*x**2 + 2. Suppose -38 = 5*w + 7. Let f be o(w). Does 4 divide (-14)/(-4) + 1/f?
True
Let t(k) = k**3 - 10*k**2 + 2*k - 15. Let l be t(10). Suppose -8 + l = -o. Is o even?
False
Suppose 4*u - 10 = -r + 2, 2*r - 3*u - 2 = 0. Suppose 0*f - o = f - 12, 4*f - r*o = 72. Does 5 divide f?
True
Let u(t) = 39*t + 1. Let v be u(1). Suppose 10 - 7 = -j. Is 13 a factor of v + j - (3 + -5)?
True
Let u = -3 + 1. Let l be -6*(u/4 + 0). Suppose -4*i + l*i + 20 = 0. Does 10 divide i?
True
Let k = -16 - -8. Let g(y) = -y**2 - 9*y + 6. Let m be g(k). Let x = -7 + m. Does 7 divide x?
True
Is ((-2)/(-1))/((-13)/(-312)) a multiple of 12?
True
Is 21 a factor of (-32)/(-24)*(66 - 3)?
True
Suppose -2*g + 3*g - 2 = 0. Suppose -4*y + g = -18. Suppose 2*d = 11 + y. Is 4 a factor of d?
True
Is 4/14 - 1015/(-49) a multiple of 7?
True
Suppose -4*l + 29 = -t, -t = 5*l - 0*t - 34. Let m = 10 - l. Suppose -m*i + 156 = i. Does 13 divide i?
True
Is 88/(-3)*(-189)/18 a multiple of 11?
True
Does 19 divide 9037/42 - 1/6?
False
Suppose 0*r = -r + 2. Is 19 a factor of (20 + -1)/(r/6)?
True
Let p(f) = 10*f - 14. Is p(8) a multiple of 11?
True
Let m be (6/4)/((-1)/(-2)). Let y = -21 + 42. Suppose 4*j + j = -10, 3*k - y = -m*j. Is 3 a factor of k?
True
Let p(q) = -4*q**3 + 2*q**2 - 5*q - 4. Let u be p(4). Let a = -143 - u. Suppose -k + a = 4*k. Is 12 a factor of k?
False
Suppose -v + 6*v = 0. Let i(d) = d + 4. Let y be i(v). Suppose -106 = -y*p - 5*m, -p + 5*p - 4*m - 88 = 0. Is 12 a factor of p?
True
Let f = 7 + -5. Suppose -18 = -5*v + f. Suppose 3*r + 2*z = 35, 5*r - 18 = 3*r + v*z. Is 4 a factor of r?
False
Does 15 divide (33/9)/(3/189)?
False
Let g = 42 - 24. Is g a multiple of 6?
True
Let n be (3/1)/3*7. Suppose -4*f + n*f - 60 = 0. Is f a multiple of 10?
True
Suppose 0 = 3*v + 294 + 390. Let p be v/(-8)*(-8)/(-6). Suppose -z - 4*n + p = 0, 4*n - 5 = 7. Is 8 a factor of z?
False
Let l(w) be the first derivative of w**4/4 + 10*w**3/3 - 4*w + 6. Is l(-9) a multiple of 13?
False
Let z(u) = 18*u. Let a be z(6). Suppose -2*p = -h - 0*p + 34, 4*p + a = 3*h. Suppose -20 = -5*i + h. Does 12 divide i?
True
Let u be 0 + (0/(-1) - 1). Let q = 36 + -24. Let c = q + u. Is c a multiple of 11?
True
Let i = -5 - -7. Let s be i - (-24)/9*-6. Is 2 a factor of (-32)/s + 6/(-21)?
True
Let k = -4 + 6. Suppose -2*s = k*s - 88. Does 11 divide s?
True
Suppose 4*w - 17 + 5 = 0. Suppose -q - x - 36 = 3*q, w*q + 5*x + 27 = 0. Does 6 divide (q/(-2))/(7/14)?
False
Let c = -4 - -8. Suppose -l - 3 = -4*g + 3*g, -3*g - c*l + 30 = 0. Does 3 divide g?
True
Let g be ((-3)/2)/(3/(-4)). Let y(x) = -g*x - 1 - 4 + 19*x**2 + 4. Does 11 divide y(-1)?
False
Let y be (-4)/(-6)*(3 - 0). Suppose 2*k - y*i = -0*k + 66, 90 = 2*k + 4*i. Is k a multiple of 11?
False
Suppose -288 = -8*r + 4*r. Is 18 a factor of r?
True
Let k(u) = u. Let s be k(3). Suppose 0 = -s*h + 213 + 75. Suppose 6*r + 2*j - 88 = 4*r, 2*j = 2*r - h. Does 20 divide r?
False
Let s be 1/3 + 392/3. Suppose -4*r + s + 5 = 4*q, -r = -q + 44. Is 10 a factor of q?
False
Is 925/5 + (1 - 6) a multiple of 12?
True
Suppose 26 - 130 = -2*m. Suppose 0 = -4*j + m + 136. Suppose 0*n + k + j = 2*n, 3*k = n - 36. Is n a multiple of 13?
False
Suppose 3*r = 211 + 383. Is r a multiple of 33?
True
Let m be 10/3 + (-4)/(-6). Let f = 8 - m. Is (f/(-6))/(5/(-165)) a multiple of 11?
True
Let r(c) = -c**3 - c**2 - c + 184. Is r(0) a multiple of 50?
False
Suppose 2*q - 2*o + 0 = 2, 5*q - 4*o = 8. Suppose -v = v - q. Suppose a + 12 = v*a. Does 6 divide a?
True
Let o(w) be the second derivative of 11*w**3/6 - 9*w**2/2 - 3*w. Is 19 a factor of o(6)?
True
Suppose -6 = -5*q + 2*p, -8 = -p - 3*p. Let j be q/8 + (-179)/(-4). Suppose n - j = -2*n. Is 15 a factor of n?
True
Suppose -2*p - p + 4 = -b, -3*b = -2*p + 5. Is (-342)/(-24) + p/(-4) a multiple of 5?
False
Is (12*-1)/(6/(-45)) a multiple of 30?
True
Let y = 160 + -100. Does 20 divide y?
True
Let d = 9 - 9. Suppose d = 4*c + 4*x - 112, -2*c = -5*x + x - 26. Suppose 5*i - c = 17. Does 3 divide i?
False
Let u(b) = -8 + 6*b**3 - 2*b**3 + 6 + 4*b - 3*b**2. Let v be (-20)/(-8)*4/5. Does 13 divide u(v)?
True
Let k = 5 + -3. Suppose -k*a - 2*w + 106 = 0, 0 = 4*w + w + 10. Is 12 a factor of a?
False
Suppose 3*n + 10 + 74 = 0. Let y be (-4)/(-6) + n/(-21). Is 13 a factor of y + (3 - 7) + 28?
True
Suppose -4*u + 48 = -4*f, u - 4*f - 3 = -0. Is 3 a factor of u?
True
Suppose 3 = -3*z - 102. Let s be (-66)/2*z/21. Suppose -3*q = 4*f - s, 0 = -f + 2*q + 11. Is 13 a factor of f?
True
Suppose 2*d - 7*d = 4*l - 534, -4*d + 448 = -2*l. Does 19 divide d?
False
Let p be 3/(15/155)*(2 + -3). Suppose 4*z + 343 = 23. Let w = p - z. Is 13 a factor of w?
False
Let j be 68/18 - (-12)/54. Suppose -3*s + r + 75 = 0, 3*r + 16 = j*s - 89. Does 12 divide s?
True
Let w(s) = -s**3 - 15*s**2 - 17*s - 14. Is w(-14) a multiple of 4?
True
Suppose u - 172 = -4*d + d, -5*u = -2*d + 126. Let j = 15 - 10. Suppose -m - 86 = -j*a + d, 3*a = 2*m + 92. Is 16 a factor of a?
False
Let s be -3*(-1)/(-2)*-2. Suppose -n = s*n + 28. Let o(y) = -y. Is o(n) a multiple of 7?
True
Let m(p) = p**2 + 4*p - 8. Does 35 divide m(7)?
False
Let w = 68 - 24. Is 4 a factor of w?
True
Let f = -15 + 29. Is 7 a factor of f?
True
Let t(p) = 2*p + 3. Let o be t(-2). Let w(r) = -5*r - 1. Is 2 a factor of w(o)?
True
Suppose 5*q - 40 = r, r = 2*r - 3*q + 30. Let h be (1 - -2)*10/r. Is 7 a factor of (-42)/(h + -1) + 0?
True
Let d(n) = -2*n**2 - 7*n - 1. Let f be d(-5). Let s be ((-5)/(-2) + 0)*-12. Let k = f - s. Does 7 divide k?
True
Suppose 2*d - 3*d = 2. Let n be 15 - (0/(-3))/d. Suppose -n = -2*w + 7. Is 11 a factor of w?
True
Let l = 95 + -47. Does 16 divide l?
True
Suppose a - 6*k = -4*k + 22, -46 = -2*a + 2*k. Let p be 40/12*a/5. Suppose -3*c = 4*b - 18, 0*b - 4*b - 2*c + p = 0. Is 3 a factor of b?
True
Suppose -3*i - 10 = 8. Let o = i - -16. Does 10 divide o?
True
Let d = 38 + -25. Does 6 divide d?
False
Let p(r) be the first derivative of 1/4*r**4 - r**3 + 1 - 2*r**2 + 2*r. Is p(5) a multiple of 16?
True
Does 4 divide ((-2)/(-5))/((-1)/(-40))?
True
Suppose 0 = -8*k + 3*k + 120. Is 12 a factor of k?
True
Let q be 16 + 2 + -4 - 2. Let d = q - 0. Does 12 divide d?
True
Suppose -5*g = -189 - 11. Is g a multiple of 20?
True
Let w(o) = 17*o + 1. Does 14 divide w(6)?
False
Suppose 0 = -n + 40 + 80. Is n a multiple of 30?
True
Let i(r) = 5*r + 4. Suppose 30 + 5 = 5*c. Let v be (-6 + 0)/2 + c. Is i(v) a multiple of 12?
True
Let q(k) = -k**3 + 3*k**2 + 2*k - 4. Does 2 divide q(3)?
True
Let b be (6 - 3)*(2 + -1). Let q be (2 - -56) + (b - 1). Let i = q - 31. Is 16 a factor of i?
False
Suppose -3*y - w + 3*w + 58 = 0, -y - w = -26. Suppose y = -4*c + 170. Suppose -4*l - 3*b + c = 0, -4*l + l + 9 = -4*b. Is 7 a factor of l?
True
Suppose -m = -20 + 2. Let x be 4/m + 210/27. Suppose -2*s + x + 88 = 0. Is 22 a factor of s?
False
Let x(o) = -o**2 - 7*o - 4. Let c(p) = p + 3*p + p**2 - p**3 - 5 + 2*p**2. Let r be c(4). Is 6 a factor of x(r)?
True
Suppose 5*l = -2*m + 163, 4*l - 46 - 82 = -m. Does 12 divide l?
False
Let v = 11 + -16. Let o(t) = -5*t + 7. Let k be o(v). Suppose 0*a + k = 4*a. Is 8 a factor of a?
True
Let l be (18/(-15))/((-4)/10). Suppose -c = -12 - 12. Is c - (-7 - -1)/l a multiple of 13?
True
Suppose -2*o = -6*o + 44. Let i = o - 6. Is i - (1 + -4 + 1) even?
False
Suppose 5*y = 3*p + 45, 3*y - 23 = p + 8. Let k be (1 - -2) + (-5 - -6). Suppose -k*g = -n + 14, -y = -0*g - 3*g. Does 16 divide n?
False
Let w = -2 - -5. Let o be 6/(3/8*-2). Let k = w - o. Does 6 divide k?
False
Le